10
Let m(f) = f**3 + 692*f**2 - 1455*f - 46475. Calculate m(-694).
23
Let x(f) = f**3 - 2*f**2 + 1068*f - 13145. What is x(12)?
1111
Let u(f) = -f**3 + 144*f**2 - 725*f + 4166. Give u(139).
-4
Let l(c) = 1300*c - 28489. What is l(22)?
111
Let k(q) = -1296*q + 7704. What is k(6)?
-72
Let a(s) = -s**2 - 22052*s - 1582578. Calculate a(-72).
-18
Let w(d) = 15209*d + 9292698. Give w(-611).
-1
Let f(s) = -23*s**2 + 1504*s - 5627. Give f(4).
21
Let x(d) = d**2 - 89*d - 115320. Determine x(387).
6
Let j(v) = -v**3 - 275*v**2 - 1461*v + 914. Determine j(-6).
-4
Let l(z) = 10*z**2 + 2158*z + 6015. Give l(-213).
51
Let t(a) = a**2 + 370*a + 5737. Calculate t(-16).
73
Let j(h) = 692*h - 253662. Determine j(365).
-1082
Let b(k) = -16549*k + 24691113. Give b(1492).
5
Let v(q) = q**3 + 334*q**2 - 1841*q - 614897. Calculate v(-334).
-3
Let i(o) = 381758*o - 6108130. Give i(16).
-2
Let m(u) = -26*u - 120. Give m(-82).
2012
Let f(w) = -11*w**2 + 1983*w - 11534. Give f(6).
-32
Let l(p) = -p**2 + 66*p + 62. Calculate l(65).
127
Let r(t) = -t**3 - 240*t**2 - 9213*t + 426. Calculate r(-192).
-150
Let m(a) = -1655*a**2 - 261*a + 262. Give m(1).
-1654
Let t(x) = -x**3 - 25*x**2 + 21*x - 139. Determine t(-26).
-9
Let l(m) = 57807*m - 2138822. What is l(37)?
37
Let c(u) = -396*u**3 + 5*u**2 + 4*u + 2. Calculate c(-1).
399
Let m(t) = 2*t**2 + 3806*t - 2525810. What is m(521)?
-2
Let i(c) = -c**2 - 4658*c - 606215. Determine i(-134).
1
Let a(u) = 21*u**2 + 4433*u + 1877. What is a(-212)?
5905
Let a(r) = -2*r**2 - 2455*r - 36347. Give a(-15).
28
Let y(s) = -74*s**2 + 459*s - 24. What is y(6)?
66
Let o(s) = -12*s**3 - 153*s**2 + 34*s - 72. Give o(-13).
-7
Let v(i) = 798*i - 42199. Determine v(53).
95
Let u(s) = s**2 + 26*s + 547. Give u(-34).
819
Let d(x) = x**2 + 9385*x - 633296. Give d(67).
-12
Let l(i) = 3*i**3 - 653*i**2 + 4845*i - 3118. What is l(210)?
32
Let r(n) = 3178*n - 251239. What is r(79)?
-177
Let o(s) = -s**3 - 40*s**2 - 176*s - 254. Give o(-35).
-219
Let x(a) = -a**3 - 144*a**2 - 837*a + 278. Calculate x(-138).
1520
Let t(a) = -44*a**2 - 290*a + 1471. Calculate t(5).
-1079
Let r(u) = 14*u**3 - u**2 - 2*u - 1035. What is r(0)?
-1035
Let p(s) = 30127*s - 150612. Give p(5).
23
Let d(k) = -2*k**3 + 15*k**2 + 14432*k - 157903. Determine d(11).
2
Let z(c) = 23034*c + 45842. Give z(-2).
-226
Let w(g) = -524*g + 32352. What is w(65)?
-1708
Let f(h) = -11*h**2 + 59*h + 40. Calculate f(6).
-2
Let z(l) = -4*l**2 - 62*l + 371. What is z(6)?
-145
Let s(h) = -23335*h + 536632. Give s(23).
-73
Let a(b) = b**2 + 367*b - 36394. Give a(81).
-106
Let j(p) = -120*p**2 - 9115*p + 294. Calculate j(-76).
-86
Let k(d) = -74*d**2 - 8824*d + 26473. Determine k(3).
-665
Let y(h) = -576*h - 7437. What is y(-13)?
51
Let m(u) = -400014*u + 2400099. Give m(6).
15
Let s(m) = -m**3 - 27*m**2 - 134*m + 79. Give s(-7).
37
Let s(f) = -f**3 - 210*f**2 - 412*f - 42562. Give s(-209).
-135
Let n(w) = -w**3 + 5*w**2 - 558375*w + 3908725. Determine n(7).
2
Let f(i) = 209*i - 63305. Determine f(303).
22
Let t(d) = -902*d**2 - 1090*d - 2. Determine t(-1).
186
Let m(d) = 416*d + 7569. What is m(-18)?
81
Let u(o) = -26*o + 2885. Give u(92).
493
Let y(o) = -21*o - 1075. What is y(-41)?
-214
Let d(w) = -2644*w - 34066. Determine d(-13).
306
Let h(z) = 183*z - 33023. Determine h(180).
-83
Let x(b) = -6*b**3 + 10*b**2 + 30*b - 2. Determine x(3).
16
Let y(i) = -77*i + 10911. Give y(142).
-23
Let w(s) = -6*s**2 + 12*s - 143. Calculate w(17).
-1673
Let f(k) = -k**3 + 1278*k**2 + 80267*k + 17455. Calculate f(1338).
61
Let v(n) = 7*n**2 + 622*n - 6287. Determine v(-98).
-15
Let g(k) = -3*k**2 + 12823*k + 51281. What is g(-4)?
-59
Let u(o) = 72*o**2 + 1508*o - 129. Give u(-21).
-45
Let x(m) = 2*m**2 - 15616*m + 605881. Determine x(39).
-101
Let y(n) = -n**3 - 62*n**2 - 808*n - 263. What is y(-18)?
25
Let y(u) = 3772*u - 230085. Calculate y(61).
7
Let d(a) = -a**2 - 120*a + 1349. Determine d(10).
49
Let z(x) = 14621*x**2 + 131586*x - 19. Give z(-9).
8
Let h(v) = -v**2 - 1429*v + 284225. Give h(177).
-37
Let s(k) = -1840*k**2 + 1107*k + 1. What is s(1)?
-732
Let c(x) = 2*x**3 - 13*x**2 + 147*x - 635. Determine c(6).
211
Let u(k) = -k**2 - 194*k + 111936. Determine u(251).
241
Let l(y) = 26*y**3 - 9*y**2 - 334*y - 336. Give l(-1).
-37
Let a(w) = -27*w**2 + 657*w - 96. Calculate a(24).
120
Let w(r) = -166*r + 42427. Give w(256).
-69
Let n(c) = -c**3 - 84*c**2 - 56*c - 4652. Give n(-84).
52
Let h(n) = -16267*n + 5433173. Give h(334).
-5
Let s(l) = -254*l**2 + 9653*l - 42. Give s(38).
-4
Let j(w) = -1393*w + 25950. Determine j(19).
-517
Let q(p) = 20*p**2 - 2906*p + 122. Calculate q(142).
-9250
Let t(f) = 48*f**2 - 1668*f - 10060. Calculate t(-6).
1676
Let u(z) = 10*z**2 - 40483*z - 40482. Give u(-1).
11
Let h(t) = 6963*t + 55694. What is h(-8)?
-10
Let i(f) = 716*f**2 + 4*f + 3. Calculate i(0).
3
Let m(j) = 2*j**3 + 216*j**2 + 408*j - 693. Give m(-106).
1003
Let w(m) = -98*m**2 + 3627*m - 66. Calculate w(37).
-29
Let g(d) = -d**3 + 347*d**2 - 2923*d + 71493. Give g(339).
-36
Let t(w) = -532*w + 2272. Give t(4).
144
Let x(b) = -54844*b + 219357. Determine x(4).
-19
Let r(x) = -x**3 + 52*x**2 + 81*x - 304. Calculate r(54).
-1762
Let r(g) = -2*g**3 - 68*g**2 + 251*g + 6329. Give r(-35).
-6
Let n(g) = -4*g**3 - 57*g**2 - 44*g + 58. Determine n(-7).
-1055
Let x(b) = -11846*b - 9559741. What is x(-807)?
-19
Let w(h) = -6*h**3 + 2*h**2 + 2473*h - 4953. What is w(2)?
-47
Let t(o) = 2*o**3 + 172*o**2 - 49*o - 4150. What is t(-86)?
64
Let c(k) = 143*k - 1684. What is c(12)?
32
Let z(s) = 35*s**2 + 215*s - 27. Calculate z(-6).
-57
Let o(b) = -2*b**2 + 603*b - 2446. Calculate o(4).
-66
Let f(b) = 2*b**2 - 149*b - 576. Give f(76).
-348
Let a(s) = 100*s - 10205. What is a(99)?
-305
Let g(y) = y**3 + 36*y**2 - 4035*y - 85. Calculate g(48).
-229
Let m(a) = -a**3 - 80*a**2 - 1590*a - 1696. What is m(-46)?
-500
Let c(h) = -1404*h**2 - 14057*h - 15. Calculate c(-10).
155
Let v(i) = -i**3 - 7*i**2 - 56*i - 453. Give v(-8).
59
Let y(g) = 7788*g + 31208. Give y(-4).
56
Let o(g) = 4*g**2 + 1024*g - 6158. Calculate o(6).
130
Let x(d) = 1674*d + 9995. What is x(-6)?
-49
Let r(m) = -m**2 + 197*m + 755029. Determine r(-776).
-19
Let i(y) = -y**3 - 4*y**2 + 17*y - 460. Calculate i(0).
-460
Let x(s) = -514*s + 35183. Calculate x(67).
745
Let o(u) = -32365*u + 1100415. Determine o(34).
5
Let n(k) = -10518*k - 41873. What is n(-4)?
199
Let g(b) = 188868*b + 3021881. Calculate g(-16).
-7
Let w(p) = -10*p**2 + 712*p + 1433. Calculate w(-2).
-31
Let a(o) = o**3 + 63*o**2 - 219*o + 3128. Determine a(-67).
-155
Let x(b) = -b**3 + 40*b**2 + 133*b - 208. Give x(43).
-36
Let x(c) = -42*c - 4734. Calculate x(-129).
684
Let p(a) = -a**3 - 132*a**2 - 2993*a - 271. Give p(-29).
-97
Let f(l) = l**2 - 192*l + 4106. Give f(21).
515
Let q(l) = 35479*l - 390254. Determine q(11).
15
Let r(v) = 15*v**2 + 11666*v - 58578. What is r(5)?
127
Let w(c) = -8169*c + 32664. Determine w(4).
-12
Let z(o) = -5603*o + 134607. What is z(24)?
135
Let j(x) = -x**3 - 28*x**2 - 34*x + 27. What is j(-3)?
-96
Let a(u) = -3*u**3 + 22*u**2 + 1571*u - 9548. Give a(6).
22
Let n(a) = -9*a**2 + 20*a + 164. What is n(0)?
164
Let c(v) = 4014*v - 15952. Calculate c(4).
104
Let z(t) = t**3 - 34*t**2 + 316*t + 387. Give z(19).
976
Let d(u) = -u**3 + 12*u**2 + 12*u - 231. Give d(10).
89
Let v(q) = -2855*q + 2934. Calculate v(1).
79
Let a(g) = g**3 - 84*g**2 - 168*g + 128. Calculate a(86).
472
Let y(h) = 14*h**2 + 466*h + 110. What is y(-33)?
-22
Let r(a) = 2*a**2 - 33*a - 1941. Give r(-33).
1326
Let b(y) = 82*y**2 + 2298*y - 52. Determine b(-28).
-108
Let l(s) = 270*s**3 - 113*s**2 - 109*s + 1. Determine l(-2).
-2393
Let u(x) = 550*x + 69289. Determine u(-126).
-11
Let u(s) = -456*s - 22638. Give u(-50).
162
Let o(u) = u**3 + 682*u**2 + 110044*u + 1045. Calculate o(-262).
-3
Let c(l) = -57302*l + 114615. What is c(2)?
11
Let i(s) = -3*s**2 + 22*s - 728. Determine i(12).
-896
Let f(m) = 59*m**2 - 1282*m - 1282. Calculate f(-1).
59
Let d(z) = z**2 - 2661*z - 29255. What is d(-11)?
137
Let a(o) = -3574*o - 28501. Calculate a(-8).
91
Let d(v) = -53*v + 11968. Give d(226).
-10
Let n(h) = -378*h + 89545. Determine n(237).
-41
Let a(x) = 357474*x + 1072432. What is a(-3)?
10
Let k(z) = -4582*z - 55